ppose 4 = g - i. Suppose 0 = -3*u + g*u - 5*j - 146, 5*u - j - 411 = 0. Is u a prime number?
True
Let h(u) = 5 + 8*u**2 - 84*u**3 - 1 - 5*u**2 + 2*u - 5. Is h(-2) a composite number?
True
Let h = 36198 - 23587. Is h a composite number?
False
Is ((-14)/(-8))/(17/9316) a prime number?
False
Let g = -1151 + 2142. Is g prime?
True
Let v(t) = 6*t**2 - 7*t**2 + 4*t + 4*t**3 + 288 - 3*t**3 - 3*t. Let n be v(0). Suppose -3*b + 7*b = -4*g + n, 0 = 2*g - 5*b - 179. Is g prime?
False
Suppose w - 3*w - 2*z - 1844 = 0, 5*w - 4*z + 4601 = 0. Is (w/(-6))/(5/10) prime?
True
Suppose -9 - 7 = -5*k - 3*t, -k + 3*t - 4 = 0. Let p(a) = 28*a**k + 7*a**2 + 2*a + 0*a. Is p(1) composite?
False
Let d(a) = 17*a**3 + 5*a**2 - 16*a - 5. Is d(7) composite?
True
Suppose -3*s = -3*x - 6 - 57, -4*x + 98 = 3*s. Let b = s - -41. Is b a prime number?
True
Let v(p) = -9 + 2 - 7*p + 169*p**2 - 168*p**2. Suppose -55 = 4*q - 11. Is v(q) a composite number?
False
Let l be ((-2)/(-4))/((-6)/72). Suppose 4*k - 116 = 20. Is k/6 - 2/l prime?
False
Suppose 0 = 15*k - 1047 - 1983. Is k a composite number?
True
Let r(a) = -2*a**2 + 11*a. Let o be r(5). Suppose 3*q - 4*z - 361 = 0, -4*z + 595 = o*q - 9*z. Is q composite?
True
Let q = 4223 + -2292. Is q prime?
True
Suppose 3*a - 10 = 2, -62207 = -5*p + 2*a. Is p a composite number?
True
Suppose 5*n = -5*y + 22125, 3*y = 3*n + y - 13280. Suppose 0 = -q + n + 109. Is q prime?
False
Let d(n) = 12*n**2 - 4*n + 1. Let u be -1 - 1 - (-7 - -7). Is d(u) composite?
True
Let j = -33927 + 54349. Is j a composite number?
True
Let v be -1 + 1 + 6 + 6. Let i = v - 8. Suppose -880 = -i*m + 4*n, -2*m + 7*m - 1103 = 2*n. Is m a prime number?
False
Let s = -149 - -154. Suppose y + 498 = -2*h + 1809, s*y + h = 6591. Is y composite?
False
Suppose -5*k = -q + 7518, 2*k = -5*q + 14340 + 23115. Is q a composite number?
True
Let m be (-2)/(-5) - 72/(-45). Suppose 3*v - 4625 = -m*v. Suppose g + q = -q + v, 0 = -4*g - 5*q + 3688. Is g composite?
True
Suppose -5*k - 689 = -2374. Is k prime?
True
Let u = 10 + -8. Suppose -3*y + 4*q = -381, 2*q - 635 = -5*y - u*q. Is y composite?
False
Let f(a) = a**3 - a**2 + 6*a + 22. Let u(i) = -i**2 + 8*i - 9. Let z be u(4). Is f(z) a composite number?
True
Let u be (-4 - -3)/((-3)/30). Let k(w) = w**3 - 10*w**2 + 4*w - 25. Let v be k(u). Is 7/(-35) - (-1368)/v a prime number?
False
Suppose 82712 = -9*v - 24073. Let i = -7664 - v. Is i composite?
False
Let d(y) = 3*y**3 - 4*y**2 + 10*y - 7. Let b = -14 - -20. Is d(b) a composite number?
False
Let n be ((-2)/(-3) + 316/(-6))/(-2). Let w = 69 - n. Is w prime?
True
Is -2*(0 + 243092/(-8)) composite?
False
Let w = 2 - 4. Is (-7551)/(-27)*(-42)/w composite?
True
Suppose -284 = -4*f + 124. Let h = f + -53. Is h composite?
True
Suppose -3*s + 2*a + 16 = 0, -s + 2*s = 4*a + 22. Let h = -53 + 121. Suppose 2*y - 47 = 3*x, -s*x = -3*y + 3*x + h. Is y a composite number?
False
Suppose -17*b = -21*b - 60. Is (-2110)/b*(-12)/(-8) a prime number?
True
Let u(t) = -55*t + 4. Let x be u(-5). Let y = x + 466. Is y a prime number?
False
Let h = -1684 + 10571. Is h composite?
False
Suppose -3*g = -4*g - 31. Let j = g + 428. Is j a prime number?
True
Let k = 19354 + -13431. Is k prime?
True
Suppose -y + 10 = y. Let o = 6 - y. Is (o/3)/(2/222) a prime number?
True
Suppose 3*p = 8*p - 85. Let i = -14 + p. Suppose -5*k + 0*a + i*a = -401, -k + 3*a = -73. Is k a composite number?
True
Let u(n) = 135*n**2 + 10*n - 18. Is u(5) a prime number?
True
Suppose -1 = -2*c + 19. Is (2 + (-32)/12)/(c/(-3945)) a prime number?
True
Suppose 5*x + 2*y - 10400 - 32045 = 0, 0 = -5*y - 25. Is x a composite number?
True
Suppose 0 = -0*i - 9*i + 9549. Is i composite?
False
Let h be (-9)/(15/3730*-1). Suppose -27*v = -33*v + h. Is v prime?
True
Suppose -4*b + 2 = -6. Suppose -3*j - b*j + 10 = 0. Suppose 0 = j*t + 5*a - 108, a - 3*a + 114 = 2*t. Is t a composite number?
False
Let h(o) = 214*o**2 + 2*o. Let d be h(-1). Suppose 79 = b - d. Is b composite?
True
Let a(u) = -u**2 - 8*u + 8. Let m be a(-9). Is 272 - (1 - m) - -2 - 3 a composite number?
False
Is (-19)/(1444/(-150624)) + (-2)/(-19) composite?
True
Suppose z + 57 = -5*b, -5*b = -4*z - 11 + 83. Is (-2300)/b + 8/(-12) composite?
False
Suppose u + 3*v = -8, -3*u + 6*v + 4 = v. Let j be -2 - (u + -9 + -2). Suppose 0 = -4*a + 3*k + 139, 2*a + j - 58 = -3*k. Is a a composite number?
False
Let z = -13 - -22. Let w(n) = -3 - 9 + 17*n**2 + n**3 + 5*n - 26*n**2. Is w(z) a composite number?
True
Let w(t) = 3*t + 28. Let y be w(-8). Suppose 2*o + 614 = y*o. Is o a composite number?
False
Let r(i) = -3*i - 8. Let d be r(-8). Let n be d/(-120) + (-4)/(-30). Suppose -4*j + 12 = 0, n = -x - 0*j - j + 544. Is x a composite number?
False
Let t = 11 - 16. Let m = -5 - t. Suppose 4*p + m*p - 1876 = 0. Is p a prime number?
False
Suppose -2*n = -n - 1349. Suppose 2*o = -4*u - 3*o + n, -652 = -2*u + 2*o. Is u a composite number?
False
Suppose 0 = 5*g - 2*g + w - 23008, 7666 = g - 3*w. Is g a prime number?
True
Suppose 2*i - 7 = -s + 8, -2*i + s = -5. Suppose 3*c - i = 1. Suppose -5*p - 10 = 0, c*z + 5 - 101 = -3*p. Is z composite?
True
Suppose 19*d - 7*d - 120 = 0. Suppose d*p = -0*p + 37910. Is p a prime number?
False
Let n(h) = 3*h**3 - 5*h**2 + 18*h - 3. Is n(4) prime?
True
Let b(z) = -3*z + 17. Let a(u) = 4*u - 18. Let y(s) = -2*a(s) - 3*b(s). Let l be y(10). Is (-1047)/l + 2/(-5) prime?
False
Let f be 761 - (-4 + 7 + -4). Suppose -f = -3*q + q. Is q composite?
True
Suppose 14 = 6*w + 50. Let r(c) = 7*c**2 - c - 19. Is r(w) composite?
False
Suppose 0 = -x - 3*m + 2*m + 114, 3*m - 227 = -2*x. Suppose 7*r - 774 - x = 0. Is r composite?
False
Let i(r) = r**2 - 5*r + 7. Let s = -14 + 21. Let b be i(s). Is (-422)/3*b/(-14) a composite number?
False
Let m(j) = j - 2. Let g be m(6). Suppose 3*b + 0*s + g*s - 3219 = 0, 5*s = -5*b + 5360. Is b prime?
True
Let d(h) = -3*h + h**3 + 2*h - 590 + 589. Let w be (1/(-1))/((-3)/12). Is d(w) prime?
True
Let t(h) = -404*h**3 + h**2 - 1. Let c be t(-1). Suppose -5*p + 161 = j - 2810, -p - 2*j = -587. Let d = p - c. Is d a composite number?
False
Let g(t) = 251*t**2 + 7*t - 11. Is g(-6) a composite number?
True
Let q = 4759 - 1040. Is q a prime number?
True
Suppose 0 = -3*r - 3*o + 6, -2*r + o = 6*o + 2. Suppose -201 + 9 = -y + 5*k, r*k - 4 = 0. Is (y - 1) + (6 - 8) a composite number?
True
Let x(t) = 5*t**2 + 3*t - 2. Let r be x(1). Suppose r = y + y, 4*g + 355 = -3*y. Is (-4)/(-2)*g/(-14) prime?
True
Let b(k) = -k**2 - 14*k - 13. Let z be b(-13). Suppose -j + 58 - 12 = z. Is j a composite number?
True
Let d = -182 - -431. Let a(j) = d + 160 - 329*j**3 + 3*j + 330*j**3. Is a(0) composite?
False
Suppose 31676 = 6*y - 61018. Is y composite?
True
Is 5/(100/27128) + 6/10 a prime number?
False
Let g(j) = 225*j - 9. Let d be g(8). Let o(k) = k**3 - 5*k**2 + 5. Let z be o(5). Suppose 2*x + d = 5*w, 5*w = 3*w - z*x + 728. Is w a composite number?
False
Suppose -4*d + 18 = -0*d + 2*w, -5*d - 2*w + 20 = 0. Is (21710/260)/(d*(-1)/(-28)) a composite number?
True
Let q(i) = -2*i - 38. Let k be q(17). Let h = k + 125. Is h a composite number?
False
Let a(c) = -24*c**3 - 10*c**2 + 11*c - 2. Let h be a(1). Let k = 32 + -58. Is k/((-10)/h*-1) a composite number?
True
Is (-1)/(-2) + (-975480)/(-48) a prime number?
True
Suppose 4*n = -7265 + 30685. Is n prime?
False
Let i(w) = -w**2 + 14*w - 11. Let a be i(11). Suppose -a*d + 17*d = 0. Suppose 2*m - 122 = 4*l, -2*m + d*m + 140 = 2*l. Is m composite?
False
Let y be (-6)/33 + (1 - 6124/(-44)). Suppose -1434 = -y*q + 134*q. Is q a prime number?
True
Suppose -16*a = -18*a + 13394. Is a a composite number?
True
Suppose -6*s + 430 = -1256. Suppose 2*q = -87 - s. Let x = -131 - q. Is x a composite number?
False
Let p(m) = 4*m**3 - m + 1. Let k be p(1). Suppose k*a - 11583 = -1163. Suppose 3*n = -2*n + a. Is n composite?
False
Suppose -k = 2*a + 2107 - 7938, 0 = 2*k - 4*a - 11686. Is k prime?
False
Let a(l) = l + 16. Suppose 0 = -0*s + 4*s + 44. Let v be a(s). Suppose -h = v*h - 522. Is h prime?
False
Suppose -2*t + 4*t + 2 = 0, 0 = 4*r + t - 4327. Is 9 - 11 - (-1 - 1*r) a prime number?
False
Suppose -y = -1 - 4. Suppose -y*g - l = -724, -3*g + 2*l = 43 - 480. Is g a composite number?
True
Let y be 4/(-10) - (-144)/60. Suppose -10 =